
9
Let w(f) = f**3 + 9*f**2 - 7*f + 2. Let y be w(-10). Let r = -3 - y. What is the highest common factor of r and 5?
5
Let w(h) = h**2 - 5*h + 8. Let n be w(4). Suppose 0 = 2*b - n - 14. Let l be (15*-3)/(15 + -16). Calculate the highest common divisor of l and b.
9
Suppose 15 = 3*y, 2*s + 3*y - 36 = -s. Suppose -2*x + s = -11. Suppose -3*t = -2*t - x. What is the greatest common factor of 81 and t?
9
Let n be (816/(-85))/((-6)/50). What is the highest common divisor of 60 and n?
20
Suppose 4*y - 2*y = 0. Suppose y*c - 5*c = -315. Calculate the greatest common factor of 7 and c.
7
Let w = 13 + 1. Suppose c - 19 = -w. Let u(b) = -6*b**3 + b**2 - 2*b - 1. Let f be u(-2). What is the highest common divisor of f and c?
5
Let f be 0 + (-4)/1 + 4. Suppose -x + 5*l + 0 + 2 = f, -3*x + 4*l = -17. What is the highest common divisor of 7 and x?
7
Suppose 3*z + 24 = -2*v + 251, -4*z = -5*v + 556. Let w = -16 + 32. Calculate the greatest common divisor of v and w.
16
Let z(y) = y**3 - 11*y**2 + 14*y + 10. Let d be z(10). Suppose -2*s - d = -r + 3*s, -5*r - s = -146. Calculate the greatest common divisor of 210 and r.
30
Let o be 20/(1 - -3) + 1. Let s be (12/o)/(2/7). Let h(u) = 3*u - 13. Let v be h(s). What is the greatest common factor of 16 and v?
8
Let j be 2 + 3 - -1*(-6 - -8). Calculate the greatest common divisor of j and 11.
1
Suppose -590 = -4*n - 142. What is the highest common factor of 42 and n?
14
Suppose 10*x = 16*x - 60. Suppose 4*b - 223 = -23. Calculate the greatest common divisor of b and x.
10
Let k(h) = 2*h**2 + 9*h + 10. Let n be k(-2). Suppose -65 = -f - o, 125 = 2*f + o - n*o. What is the highest common divisor of f and 150?
30
Let c(o) = 37*o - 22. Let t be c(1). Calculate the greatest common divisor of t and 1215.
15
Let v be ((-2)/3)/(78/(-585)). Let y be 4/(-10) + (-77)/(-5). Calculate the highest common factor of y and v.
5
Suppose 0 = 45*r - 25*r - 7600. What is the highest common divisor of 320 and r?
20
Let q be 6/(((-16)/12)/(150/(-9))). Suppose c = 51 + q. What is the highest common divisor of 84 and c?
42
Suppose 4*j - 34 = -3*h + 3*j, -2*j + 3 = h. Let c be (-6)/4*-2 + (-23)/(-1). Calculate the highest common divisor of c and h.
13
Let g(q) = 5*q - 17. Let f be g(4). Suppose -f*o + 2*s + 19 = 0, 3*o = -0*s - 2*s + 23. Calculate the highest common divisor of 77 and o.
7
Let h = 41 + -43. Let s be h/15 - (-1)/((-30)/(-2104)). What is the greatest common factor of 10 and s?
10
Let v be (-4580)/(-22) - (120/(-66) + 2). Calculate the greatest common factor of 13 and v.
13
Let a(h) = 18*h - 338. Let v be a(22). What is the highest common divisor of v and 58?
58
Let f = 41 - 5. Let t = 31 + -34. Let y(q) = q + 7. Let b be y(t). What is the highest common factor of f and b?
4
Let v = -25 + 63. Suppose -8 = 3*d - v. What is the highest common divisor of d and 2?
2
Let w(j) = 10*j - 75. Let g be w(9). Suppose -11*u + 3*c + 29 = -6*u, -u - 4*c + g = 0. Calculate the greatest common divisor of 21 and u.
7
Suppose 0 = -5*z + a + 536, 4*z = 5*a + 369 + 43. Let n = -58 - -101. Let k = n - 31. Calculate the highest common factor of k and z.
12
Suppose -5*b - 3 = 2*i, b + 2 + 5 = -2*i. Let t = 1 - i. Suppose -5*r + 8 = -t*o + 73, 4*o - r - 55 = 0. Calculate the greatest common divisor of 112 and o.
14
Suppose m = -4*o + 9, -3*o - o = 5*m - 29. Let s be (0/(-4))/(-3 + 2 + 0). Suppose s = d - 11 + 4. What is the highest common factor of o and d?
1
Suppose 6*w - 2640 = -2*w. Suppose -8*n + w = -3*n. What is the greatest common factor of 165 and n?
33
Let z be 8*(21/(-14) + (-59)/(-2)). Let n be 8*(1/(-1) - -11). Let p = n - 48. What is the greatest common factor of z and p?
32
Let p(c) be the first derivative of c**4/4 + 3*c**3 - 9*c**2/2 + 24*c + 4. Let q be p(-10). What is the highest common divisor of q and 140?
14
Let i be (-4)/(-26) + 4 + (-25324)/(-169). What is the greatest common factor of 42 and i?
14
Let h(k) = 41*k - 1. Let d be h(1). Suppose 16*x - 72*x - 604 + 1948 = 0. Calculate the greatest common factor of x and d.
8
Suppose -4*u - 525 = -9*u. Let r be -2*(u/(-10) + 4). What is the greatest common factor of 13 and r?
13
Let t(x) = -13*x**2 - 4. Let s be t(-2). Let j = s - -233. Suppose 0 = 5*k - j - 13. Calculate the highest common divisor of 19 and k.
19
Let a(o) = o**3 + 9*o**2 + 5*o - 6. Let y be a(-6). Let b = -50 + y. Let m(p) = -p**3 + 1. Let w be m(-1). Calculate the highest common divisor of w and b.
2
Let a be 351/26*-2*(1 - 2). What is the greatest common factor of 216 and a?
27
Let b(f) = -12*f - 318. Let h be b(-43). What is the greatest common factor of h and 693?
99
Let x be (-45)/(-54) - (42172/24)/(-13). What is the greatest common factor of x and 8?
8
Suppose -12 = -3*z - 3*o, 3*z - 2*o = 6*z - 16. Let k(m) = m**3 - 8*m**2 + 3*m + 2. Let b be k(z). What is the highest common divisor of 78 and b?
26
Let s be (-6)/(-9)*3/(-2). Let h be s/2 + -1 + 105/10. Let v be ((-63)/(-14))/(1/6). Calculate the highest common factor of v and h.
9
Let i be (-14)/(-63) - (-16)/9. Suppose 4*g = -i*y + 416, -4*g - 7*y = -3*y - 412. What is the greatest common factor of g and 42?
21
Suppose -7*z + 5 = -23. Suppose 3*c + 172 = z*l - 0*c, 4*l = c + 164. Let s be -1*((1 - 5) + 0). Calculate the greatest common factor of s and l.
4
Let l be ((750/(-4))/25)/(3/(-124)). Calculate the highest common divisor of l and 62.
62
Let y = 250 + -187. What is the highest common divisor of 9 and y?
9
Let s(a) = 30*a**3 + 5*a - 4. Let f be s(1). Calculate the greatest common divisor of f and 651.
31
Let k = 312 - 126. What is the greatest common divisor of 62 and k?
62
Let m be (-6 + 0 - -4) + 23. Let o = m - 21. Let d be (-4 - o) + 4 + 4. Calculate the highest common divisor of 4 and d.
4
Suppose 30*f - 35*f + 60 = 0. Suppose -12 = -v + f. Let j be 48/20*20/3. Calculate the greatest common factor of v and j.
8
Let c = 15 + -11. Suppose 5*i - 19 = -c. What is the highest common divisor of i and 3?
3
Let h = 18 + -16. Let c = -1 + h. Let p(g) = 179*g + 1. Let r be p(c). Calculate the highest common divisor of 20 and r.
20
Let x = -24 + 64. Suppose 0 = -3*r + r + 200. Calculate the highest common divisor of r and x.
20
Let z(g) = 6*g**2 - 27*g + 176. Let l be z(10). Calculate the greatest common divisor of 46 and l.
46
Let j(k) = k**2 - 25 + 0*k - 4*k + 26. Let u be j(4). Suppose 3*f - 3*z - 34 = -u, 3*f - 57 = -5*z. Calculate the greatest common factor of 2 and f.
2
Let t = 3 - 2. Let p(k) = k**2 - 11*k - 14. Let v be p(13). Suppose g - 4*o + 12 = 0, -3*o + 2*o = -4*g + v. What is the highest common factor of g and t?
1
Suppose 4*h = 2*a + 12, 4*a - 1 - 5 = 2*h. What is the greatest common divisor of a and 24?
4
Suppose 51 = 3*d - 3*a, -3*a = -4*d - 6 + 69. Let c = 24 - d. Let o = -811 - -817. Calculate the greatest common divisor of o and c.
6
Let y be (-4)/(-16)*2*(37 + -29). Let h = 1 + 0. Let m be 9 + 0 + h/(-1). What is the greatest common factor of m and y?
4
Suppose -1018 = -5*p - 78. What is the greatest common divisor of p and 47?
47
Let r(f) = -31*f + 3. Let s be (2/5)/(4/(-60)). Let w be r(s). Let g = w + -84. Calculate the greatest common factor of 21 and g.
21
Let n be 24/14*14/4. Suppose 5*u = -5*j + 50, 5 - 21 = -4*j. What is the greatest common divisor of n and u?
6
Let f be 750*(1/(-2) + (-1 - -2)). Calculate the greatest common factor of 25 and f.
25
Let i(z) = -6*z + 5. Let m be i(3). Let b = m + 15. Suppose -5*h + 5 = b*l, l - 2*h = -1 + 8. Calculate the highest common divisor of 15 and l.
5
Suppose 12*y = 7*y + 180. Let n be (-3 - 0)*(-4)/6. Suppose -n*j = j - y. Calculate the greatest common factor of j and 6.
6
Suppose -i = -20 + 20. Suppose i = -45*y + 41*y + 140. Calculate the greatest common factor of 5 and y.
5
Suppose 35*l - 31*l - 484 = 0. Let a = l - 71. Calculate the highest common divisor of a and 125.
25
Suppose -3*h = h + 24. Let t be (-32)/h*108/16. Let n be 6/27 + 280/t. What is the greatest common divisor of n and 4?
4
Let i = 0 - -8. Suppose 2*v = -4*d + i, -v - 6*d = -3*d. Calculate the greatest common factor of v and 12.
12
Let x(a) = 46*a - 14. Let d be x(3). Suppose -s + 28 = -0*s - v, 0 = -4*s - 2*v + d. Calculate the highest common factor of 10 and s.
10
Let o(q) = -8*q - 21. Let n be o(-3). Calcul